{"id":10,"date":"2024-04-15T12:52:15","date_gmt":"2024-04-15T12:52:15","guid":{"rendered":"https:\/\/haus-gmacht.com\/?page_id=10"},"modified":"2024-04-16T13:17:16","modified_gmt":"2024-04-16T13:17:16","slug":"impressum","status":"publish","type":"page","link":"https:\/\/haus-gmacht.com\/?page_id=10","title":{"rendered":"Impressum"},"content":{"rendered":"\n<p>BHB Gastronomiebetriebs GmbH<\/p>\n\n\n\n<p>Lausitzer Stra\u00dfe 7<br>82538 Geretsried<\/p>\n\n\n\n<p>Gesch\u00e4ftsf\u00fchrerin: Sybille Herb<\/p>\n\n\n\n<p><a href=\"mailto:herb@haus-gmacht.com\">herb@haus-gmacht.com<\/a><\/p>\n\n\n\n<p>Tel.: +49 8171 817159<\/p>\n\n\n\n<p>Bankkonto:<br>Sparkasse Bad T\u00f6lz-Wolfratshausen IBAN: DE74 7005 4306 0011 4500 04 BIC: BYLADEM1WOR<\/p>\n\n\n\n<p>Sitz und Registergericht:<br>Wolfratshausen HRB 162989 Steuer-Nr: 139\/122\/50746<\/p>\n\n\n\n<p>Plattform der EU-Kommission zur Online-Streitbeilegung: <a href=\"https:\/\/ec.europa.eu\/consumers\/odr\" target=\"_blank\" rel=\"noreferrer noopener\">https:\/\/ec.europa.eu\/consumers\/odr.<\/a><br>Wir sind zur Teilnahme an einem Streitbeilegungsverfahren vor einer Verbraucherschlichtungsstelle weder verpflichtet noch bereit.<\/p>\n","protected":false},"excerpt":{"rendered":"<p>BHB Gastronomiebetriebs GmbH Lausitzer Stra\u00dfe 782538 Geretsried Gesch\u00e4ftsf\u00fchrerin: Sybille Herb herb@haus-gmacht.com Tel.: +49 8171 817159 Bankkonto:Sparkasse Bad T\u00f6lz-Wolfratshausen IBAN: DE74 7005 4306 0011 4500 04 BIC: BYLADEM1WOR Sitz und Registergericht:Wolfratshausen HRB 162989 Steuer-Nr: 139\/122\/50746 Plattform der EU-Kommission zur Online-Streitbeilegung: https:\/\/ec.europa.eu\/consumers\/odr.Wir sind zur Teilnahme an einem Streitbeilegungsverfahren vor einer Verbraucherschlichtungsstelle weder verpflichtet noch bereit.<\/p>\n","protected":false},"author":1,"featured_media":0,"parent":0,"menu_order":0,"comment_status":"closed","ping_status":"closed","template":"","meta":{"footnotes":""},"_links":{"self":[{"href":"https:\/\/haus-gmacht.com\/index.php?rest_route=\/wp\/v2\/pages\/10"}],"collection":[{"href":"https:\/\/haus-gmacht.com\/index.php?rest_route=\/wp\/v2\/pages"}],"about":[{"href":"https:\/\/haus-gmacht.com\/index.php?rest_route=\/wp\/v2\/types\/page"}],"author":[{"embeddable":true,"href":"https:\/\/haus-gmacht.com\/index.php?rest_route=\/wp\/v2\/users\/1"}],"replies":[{"embeddable":true,"href":"https:\/\/haus-gmacht.com\/index.php?rest_route=%2Fwp%2Fv2%2Fcomments&post=10"}],"version-history":[{"count":3,"href":"https:\/\/haus-gmacht.com\/index.php?rest_route=\/wp\/v2\/pages\/10\/revisions"}],"predecessor-version":[{"id":85,"href":"https:\/\/haus-gmacht.com\/index.php?rest_route=\/wp\/v2\/pages\/10\/revisions\/85"}],"wp:attachment":[{"href":"https:\/\/haus-gmacht.com\/index.php?rest_route=%2Fwp%2Fv2%2Fmedia&parent=10"}],"curies":[{"name":"wp","href":"https:\/\/api.w.org\/{rel}","templated":true}]}}